23
What are the prime factors of 5 - (5 - 4 - -2)?
2
Let s(j) = j**2 + 7*j + 6. Let w be s(-6). Suppose 3*r - 2*a = r + 52, -2*r + 4*a + 50 = w. List the prime factors of r.
3
Let z = 37 - -114. What are the prime factors of z?
151
Let x = -24 + 89. List the prime factors of x.
5, 13
Let o be (-6)/(-4)*8/3. Suppose 2*x = s + 7, -5*x = s - o*s - 19. What are the prime factors of (-3)/(-2)*(-14)/s?
7
What are the prime factors of 107*1 - (3 - 35/7)?
109
Suppose -2*k + 5 = s - 55, -4*s + 285 = -k. What are the prime factors of s?
2, 5, 7
Let g(y) = y**2. Let i be g(-1). Let w = 3 - i. List the prime factors of w.
2
Suppose 5*m + 0*m - 110 = 0. Let z = -6 + m. List the prime factors of z.
2
Let o(x) = 11*x**2 - 2*x - 1. Let z be o(-1). Let y(c) = c**2 - 9*c + 3. Let i be y(9). Let v = z - i. What are the prime factors of v?
3
Let w(d) = 48*d**2 + d - 2. Let u be w(1). Let q = u + -15. What are the prime factors of q?
2
Let o(w) = w**3 - 4*w**2 - 4*w + 1. What are the prime factors of o(5)?
2, 3
Let d(b) = b**3 - 3*b**2 + 3*b - 3. What are the prime factors of d(4)?
5
Let l = -2 - -4. Suppose 3*x + l*x - 5*a - 40 = 0, 7 = x - 2*a. List the prime factors of x.
3
Let p = 11 - 7. Let i = p + -1. Suppose -i*v - 2*v = -35. List the prime factors of v.
7
Suppose 0 = 2*t, -4*c = -2*c + 3*t - 102. List the prime factors of c.
3, 17
Let i = 32 - 16. Suppose i = u - 2*r - 4, 2*r = -2*u + 40. What are the prime factors of u?
2, 5
Let v(z) = z**3 - 3*z**2 - 20*z + 6. What are the prime factors of v(8)?
2, 83
Let k(r) = -r**3 + 4*r**2 - r + 4. Let s be k(4). What are the prime factors of s + -1 + (-14)/(-1)?
13
Suppose -4*m = -0*m - 16. Suppose m*y = -r + 63, 66 = 2*y + y - 3*r. List the prime factors of y.
17
Let a(f) = f**2 + 7*f + 9. Let g be a(-9). Let w = -19 + g. List the prime factors of w.
2
Let o(w) = -w - 1 - 4 - 2 + 2. What are the prime factors of o(-7)?
2
Suppose 25 - 1 = 3*p. List the prime factors of p.
2
Suppose 156 = 74*r - 70*r. List the prime factors of r.
3, 13
Let a be (2/4)/(4/(-112)). Let l = -9 - a. What are the prime factors of l?
5
Suppose 3*o + o + 4*l - 904 = 0, -5*o = 4*l - 1131. What are the prime factors of o?
227
Let q(y) = -y - 2*y + 2 + 4 - 4. What are the prime factors of q(-4)?
2, 7
What are the prime factors of ((-4)/8 - -1)*16?
2
Let g(d) = d**2 + 2*d - 1. Let w be g(-3). Suppose -6*o + w*o = -100. List the prime factors of o.
5
Let v be (0 + 1)*40/1. Let t = v + -29. List the prime factors of t.
11
Let r be 18/(-45) + (-36)/10. List the prime factors of (2 - 53)*r/6.
2, 17
Suppose -3*q + 18 = -0*q. Let g = q - 10. Let c = g - -14. List the prime factors of c.
2, 5
Let o be -1 + 7 + (-5 - -4). Suppose o*r + 18 = z - 0*z, 3*z - 4*r = -1. What are the prime factors of z/(-2) - (-3)/6?
2
Let s = 18 - 4. Suppose -13*v - 4 = -s*v. What are the prime factors of v?
2
Suppose 4*u = -5*z - 65, -5*z + u - 65 = -u. Let a = z - -29. What are the prime factors of a?
2
Suppose 8*s = 4*s + 12. Suppose -s*j + j + 14 = 0. Let c = 1 + j. List the prime factors of c.
2
Suppose 3*r - 19 - 11 = 0. What are the prime factors of r?
2, 5
Let t(a) = -6 + a**2 + a - 2*a**2 + 5*a. Let m be t(4). List the prime factors of 1 - (-1 - (m + 7)).
11
Let z(b) = 2*b - 3. Let r(g) = g - 2. Let i(m) = 11*r(m) - 6*z(m). What are the prime factors of i(-8)?
2
Suppose 3*n - 5*d - 7 - 8 = 0, 4*n - 3*d - 9 = 0. Suppose 0 = 2*v + 3*c - 74, -2*c - 2*c = n. List the prime factors of v.
37
Let p(w) = w**2. Let a(b) = 6*b**2 - 7*b - 4. Let v(r) = a(r) - 5*p(r). Let q = 25 + -16. What are the prime factors of v(q)?
2, 7
Let w(a) = 6*a**2. What are the prime factors of w(-1)?
2, 3
Let j(d) = 104*d**2 + 2*d. List the prime factors of j(1).
2, 53
Suppose 0 = 3*i - 0*i - 3, 2*u = 5*i + 11. List the prime factors of ((-162)/(-24))/(3/u).
2, 3
Suppose -f = 4*f. Let j = 12 + f. List the prime factors of j.
2, 3
Let w(p) = p**2 + 8*p - 11. Let i = -14 + 6. Let n be w(i). Let j = 17 + n. List the prime factors of j.
2, 3
List the prime factors of (-3060)/(-160) - 2/16.
19
Let v be ((-1)/(-3)*-2)/(3/(-225)). Let b be (-2)/((-2)/3 + 0). Suppose -2*q = -b*m - 4*q + v, -3*m - q = -46. List the prime factors of m.
2, 7
Suppose -2*x + 3*p + 0 = -8, x - 9 = 4*p. List the prime factors of -2 + 2 - (x - 8).
7
Let l = -79 - -56. Let u = l - -47. Let j = u - 12. List the prime factors of j.
2, 3
Suppose 3 = -2*g + 1. Let h(c) = -12*c + 1. What are the prime factors of h(g)?
13
Let o be 1 + 0 - 169/1. What are the prime factors of (8/6)/((-7)/o)?
2
Let z = 43 - 26. Let d = z + -96. List the prime factors of 4/18 - d/9.
3
Let f(k) = -2*k**2 - 2*k. Let v be (1 - 2)*(5 + 0). Let q be f(v). Let x = q + 61. What are the prime factors of x?
3, 7
Let a(s) = -s**3 + 9*s**2 - 6*s + 9. List the prime factors of a(7).
5, 13
Suppose -3*m = -2*t - 521, 3*m - 422 = -5*t + 113. List the prime factors of m.
5, 7
Suppose -3*r + 4*d - 8 = 0, -4*r - 18 = -4*d - 2. Let f = -6 - r. Let y(w) = 2*w**2 - 2*w. List the prime factors of y(f).
2
Let s = -7 + 13. Suppose 0 = 4*b - s*b + 88. What are the prime factors of b?
2, 11
Let b = -2 - -2. Suppose -2*u = -b*u - 6. Let t(g) = 6*g - 3. List the prime factors of t(u).
3, 5
Let r(n) = 5*n**2 - 1. Let b be r(1). Suppose -3*g - 13 = -4*g - 5*o, -o = b*g - 52. List the prime factors of g.
13
Let r(t) = 14*t + 2. Let k be r(-4). Let i = 76 + k. List the prime factors of i.
2, 11
Let p = 120 - 31. What are the prime factors of p?
89
Let h(t) = -t - 1. Let i be h(-1). Suppose 4*p + p - 10 = i. Suppose p*f - 5*f = -12. What are the prime factors of f?
2
Let y = 4 - 4. What are the prime factors of (-2 - -8) + 0 + y?
2, 3
Suppose -3*g - 88 = -7*g. List the prime factors of g.
2, 11
Suppose 2*g - 2*x = -2*g - 10, -2*g = -3*x + 15. Suppose r + 2*l - 19 - 7 = g, -3*l = -4*r + 82. List the prime factors of r.
2, 11
Let s be (8/(-6))/(-2)*3. Let l be (-4)/(s - 56/26). Let n = l + -18. List the prime factors of n.
2
Let i = -60 - -90. Suppose -6 = k + 2*k, 0 = -4*m - 4*k + 4. Suppose 0*q = m*q - i. List the prime factors of q.
2, 5
What are the prime factors of 122/8 - (-1)/8*6?
2
Suppose -60 - 27 = -r. List the prime factors of r.
3, 29
Suppose -5*m - r + 898 = -2*r, -2*r = 5*m - 904. What are the prime factors of m?
2, 3, 5
Suppose 3*r - 2*x = -3*x - 13, -2*x = -5*r - 40. What are the prime factors of (-78)/(-4) + 3/r?
19
Suppose -3*u + 4*x = -81 - 219, 400 = 4*u + x. Suppose -3*z + u + 35 = 0. What are the prime factors of z?
3, 5
Let h be 16/4 - 2 - 62. Let o = -31 - h. What are the prime factors of o?
29
Suppose -4*n - 3 = -15. Suppose 2*c = n + 3. What are the prime factors of c?
3
Suppose 284 = 5*m - m. What are the prime factors of m?
71
Let v = 336 + -166. List the prime factors of v.
2, 5, 17
Suppose 4*m + 240 = -q + 5*q, -3*q + 2*m = -177. List the prime factors of q.
3, 19
Suppose 4*n - 2*y = 332, -2*n + 16 = 3*y - 166. List the prime factors of n.
5, 17
Suppose 2*c = -c + 15. Suppose -2*n - c*q = -33, -4*q = -3*n - 0*q + 38. List the prime factors of n.
2, 7
Suppose 0 = 3*n - 7*n - 36. Let x be 3*(-6)/n*2. Suppose -i - 4*i + 23 = -x*w, 10 = i + w. List the prime factors of i.
7
Let y = -16 - -12. List the prime factors of y/8*-18 + 3.
2, 3
Suppose -9 = 2*l + l. What are the prime factors of (-4 - -5)/(l/(-54))?
2, 3
Let z(f) = -f**2 - 8*f. Let u be (1/(-2))/((-2)/(-24)). What are the prime factors of z(u)?
2, 3
Suppose 0 = 2*a - 0*a + 162. Let d = -47 - a. List the prime factors of d.
2, 17
Let f = 0 - -8. Let b = f + 4. Suppose -3*l + 7*l = b. What are the prime factors of l?
3
What are the prime factors of 166*(5/(-10) - -1)?
83
Let h be 8/12 + (-2)/3. Suppose 3*i - i - 22 = h. What are the prime factors of i?
11
What are the prime factors of (-2)/(-12)*-3*-78?
3, 13
Let m(q) = q + 7. Let s be (0 - 1)/((-2)/(-6)). Let x be m(s). Suppose -k - x = -3*k, 0 = -5*r - 2*k + 99. List the prime factors of r.
19
Suppose 4*n = -g + 49, 0 = -2*n + 5*g - g + 20. List the prime factors of n.
2, 3
Suppose 0 = 5*g - 3*l - 1403, -2*l - 1120 = -4*g + l. What are the prime factors of g?
283
Suppose -5*j + 3*u = -72, -4*u - 14 + 58 = 5*j. Let d be -5*(-2 - j/(-10)). Suppose 0*h + 36 = d*h. What are the prime factors of h?
3
Suppose -4*o - 5 - 1 = 2*d, 4*o + 4*d + 8 = 0. Let t be 